first derivative of 5*k**4 - 2*k**3/3 + k**2 - k - 2. Let y be w(1). What is the greatest common divisor of y and 19?
19
Let q(n) = n**3 - 3*n**2 + 3*n - 4. Let a be q(3). Let o = a - 16. Let v = o - -30. What is the greatest common factor of v and 57?
19
Let n be (5 + -2 - 4) + 1. Suppose n = 5*w + 4 - 54. Calculate the greatest common divisor of w and 10.
10
Suppose 0 = -z - 3*z. Suppose 3*n + 28 = s + s, z = -4*s - 4*n + 56. Calculate the greatest common factor of 21 and s.
7
Let y(s) = s**2 - 5*s - 2. Let f be y(6). Suppose 0*j + f*j = 232. Suppose -b = q - 32, q + b + j = 3*q. Calculate the greatest common factor of 20 and q.
10
Let y = 2 + 5. Let s be ((-20)/(-16))/(1/4). Suppose -s*h + 3 + y = 0. What is the highest common divisor of 22 and h?
2
Suppose -2*o + 2 + 48 = 0. Let b be (o + 1)*42/12. What is the greatest common divisor of 13 and b?
13
Let j be ((-5)/(-2))/(8/(-16)). Let z = j - -7. What is the greatest common divisor of z and 10?
2
Suppose 5*a + 4*p - 32 = 0, 26 = 4*a + 2*p + p. Suppose 0 = -5*z - 207 - 623. Let v = -110 - z. Calculate the highest common factor of a and v.
8
Let h = 9 + 47. What is the highest common factor of h and 7?
7
Let h be 15*-7*(-56)/42. Suppose 12*s = 5*s + h. Suppose 0 = 2*r - 3*r + 2. What is the highest common factor of r and s?
2
Let v(l) = -18*l + 2. Let h be v(-3). Calculate the greatest common divisor of h and 8.
8
Let z be ((-108)/(-30))/((-4)/(-10)). Suppose -5*k = -2*d - 3, 4*d = -0*k - 2*k + 6. What is the highest common divisor of d and z?
1
Suppose 0*v = -v. Suppose v*m - m + 18 = 0. Let t(r) = 3*r**2 - 4*r - 3. Let k be t(-3). What is the highest common factor of m and k?
18
Suppose 4*i = v + 74, 2*i + 3*v = 5*i - 60. Calculate the greatest common factor of 126 and i.
18
Let h(x) = 4*x**2 - 1. Let u be h(1). Suppose -25 = -u*b + 20. Calculate the highest common divisor of 6 and b.
3
Let k be (3/3)/((-2)/(-14)). Suppose 112 = 4*o - 2*j, k*o = 2*o - 3*j + 140. What is the highest common factor of o and 7?
7
Let y be 26/8 + (-3)/(-4). Calculate the greatest common factor of y and 8.
4
Suppose -3*j = 2*b - 0*j - 48, 2*j - 48 = -2*b. What is the highest common divisor of b and 8?
8
Let y be 1/((-3)/6)*38/(-4). Calculate the highest common divisor of 19 and y.
19
Let v = -9 - -24. Let j(a) = -11*a - 44. Let o be j(-19). What is the highest common factor of v and o?
15
Let z = -58 - -88. Let d(t) = t + 20 + t - t. Let n be d(0). What is the greatest common factor of n and z?
10
Suppose 0 = -3*k + 7*k - 28. Let f = -3 + k. Let d be ((-21)/(-5) + -3)/(9/30). What is the highest common divisor of d and f?
4
Suppose 4*f = 208 + 12. Let a be (-1 + 6)*(-3)/5 + 8. What is the greatest common divisor of f and a?
5
Let y = 4 - 0. Suppose 0 = -y*x - o + 72, 0*x + o = -x + 15. Calculate the highest common divisor of 76 and x.
19
Let h be (-6)/21 - ((-508)/7)/2. What is the greatest common divisor of 27 and h?
9
Suppose 5*b + 74 = 3*r + 335, -2*b - 2*r + 114 = 0. Let s = 26 - 8. What is the greatest common factor of b and s?
18
Let v be -78*((-6)/4)/3. Suppose -t = 4*s - 312, s = -s + 3*t + 170. Let p = s - v. What is the highest common divisor of 8 and p?
8
Let d = 25 - 21. Calculate the highest common divisor of 28 and d.
4
Suppose -2*g - 570 = -4*n, -3*n - 5*g + 341 = -93. Suppose -v + 2 = -11. Calculate the highest common factor of v and n.
13
Let d(w) be the first derivative of 3*w**2/2 - 6*w - 1. Let h be d(5). Let g(a) = a + 2. Let c be g(4). Calculate the greatest common divisor of h and c.
3
Let q be 0 - (-4 + -1 + 3). Suppose -r = q*r - 39. Calculate the greatest common factor of 117 and r.
13
Suppose 3*c + 25 = 124. What is the greatest common divisor of 11 and c?
11
Suppose 3*y = 2*y + 7. Let a = 48 - 18. Suppose 3*l - 4*z - 80 = 0, 0 = -5*l + 4*l - 2*z + a. What is the greatest common factor of y and l?
7
Let n be (-2)/(-10) + (-119)/(-5). What is the greatest common factor of 36 and n?
12
Let z = 10 + 4. Let x = -12 + z. Calculate the greatest common factor of x and 22.
2
Suppose 4*h + 16 = 6*h. What is the greatest common factor of h and 88?
8
Suppose -w = 2*w - 297. Calculate the greatest common factor of 11 and w.
11
Let y be 0/(-11) - 4/(-1). What is the highest common factor of y and 28?
4
Let t(g) = g**2 + g + 2. Let d be t(2). Let n = d - -5. What is the highest common divisor of 39 and n?
13
Let g(l) = -l - 9. Suppose 0 = -5*n - 5 - 75. Let f be g(n). Calculate the greatest common divisor of f and 77.
7
Let b = -29 - -3. Suppose -5*w = 307 - 117. Let t = b - w. What is the highest common divisor of 8 and t?
4
Suppose 0 = 3*i - 2*m - 83, -3*i - 2*m + 63 = m. Let q(k) = 88*k - 1. Let u be q(2). Calculate the highest common factor of u and i.
25
Suppose -3*b = -5*b, 5*t + 3*b - 25 = 0. Let a = t - 3. Let p be 1 + 2/1 + a. Calculate the highest common factor of 35 and p.
5
Suppose -4*v + 16 = 5*i - 72, 0 = 2*i + 3*v - 38. Let w(x) = -x + 3. Let s be w(-5). Calculate the highest common divisor of i and s.
8
Let m be (-156)/(-15) + 6/10. Calculate the greatest common factor of 44 and m.
11
Suppose -2*r + 4 = -2. Let c = 34 - r. Calculate the highest common divisor of c and 341.
31
Let v be -1*2 + (-8 - -34). Let d = 5 + 1. Calculate the greatest common divisor of v and d.
6
Let v = 8 + -8. Suppose -3*w = -v*w - 99. Let m = 2 - -1. Calculate the greatest common factor of w and m.
3
Suppose -5 = -4*h + 3*h. Suppose -h*w = -w - 336. What is the highest common factor of w and 12?
12
Suppose -4*d = -4*y + y + 4, 5*y - 3*d = 25. What is the greatest common factor of y and 56?
8
Suppose -z = -2*x + 3, -x - 4*x = -z - 18. Suppose -2*l - l = -210. What is the greatest common factor of z and l?
7
Let p(y) = y**3 - 6*y**2 - 9*y - 7. Let g be p(8). Let d = g + -26. Let v = d + -1. What is the highest common factor of v and 22?
22
Let q(a) = a + 4*a + 2*a + 2 + a**2. Let b be q(-8). What is the highest common factor of b and 10?
10
Suppose 0*s - 252 = -6*s. What is the highest common divisor of s and 105?
21
Suppose 0 = -3*j + 3*m - 222, m - 5*m + 156 = -2*j. Let x = j + 105. What is the highest common factor of 7 and x?
7
Suppose -2*d - 2*u + 20 = 0, -2*d - 5*u + 10 - 5 = 0. Calculate the greatest common divisor of d and 135.
15
Let r = -22 + 41. What is the greatest common divisor of r and 133?
19
Let t = -6 - -14. Calculate the highest common factor of t and 16.
8
Suppose 0 = -8*u + 4*u + 72. Let x(f) = -25*f - 2. Let g be x(-8). Calculate the greatest common factor of u and g.
18
Suppose -s - 2 = 2*r - 27, 5*s = r + 15. Calculate the highest common divisor of 10 and r.
10
Let l be ((-6)/(-4))/(4/8). Suppose 79 = -l*x - 56. Let g = x + 115. Calculate the greatest common factor of g and 28.
14
Let c = -7 + 11. Suppose 5*h - 15 = h + l, 0 = c*h + l - 17. Suppose h*v + 6*w = 3*w + 24, 2*w = 0. What is the highest common factor of v and 48?
6
Let x(a) = 2*a**3 - 2*a**2 + a - 4. Let c be x(3). Calculate the highest common factor of 315 and c.
35
Let u be 242/(-6)*(8 - 11). Calculate the highest common divisor of u and 11.
11
Let v be ((-6)/(-1))/(-2 - 36/(-15)). What is the greatest common divisor of v and 135?
15
Suppose -u - 3*u - 19 = 5*i, -5*i - 2*u - 17 = 0. Let j be 20 - (-1)/(i/(-6)). Calculate the highest common factor of 55 and j.
11
Let y be (-22)/(-14) + (-15)/(-35). Let v be (y/3)/((-20)/(-270)). What is the greatest common divisor of v and 45?
9
Let m be 1/4 + 1393/28. Let h(b) = -b. Let s be h(-4). Suppose 0 = s*r + r - 50. What is the greatest common divisor of m and r?
10
Let i = 71 - 179. Let d = i + 153. What is the highest common factor of 18 and d?
9
Suppose 10 = 15*d - 10*d. Calculate the greatest common factor of d and 10.
2
Suppose -2*c - 2 + 12 = 0. Suppose 3*r = 3 + 12. Suppose 4*i = c*l + 94, 3*i + r*l + 0*l - 88 = 0. What is the highest common divisor of i and 13?
13
Let w(j) = 5*j**2 + 5*j + 8. Let v(k) = 6*k**2 + 6*k + 9. Let p(n) = -4*v(n) + 5*w(n). Let b be p(-3). What is the highest common factor of 50 and b?
10
Let v = 28 + 16. What is the highest common factor of 66 and v?
22
Let d be -11 + (-2 - (3 + -8)). Let w = 13 + d. Let y = w - -5. Calculate the greatest common factor of 50 and y.
10
Suppose -112 = 3*l - 7*l. What is the greatest common factor of l and 70?
1